 -105. Calculate the remainder when 87 is divided by i.
27
Let y(z) = -z**3 - 5*z**2 + 5*z - 22. Suppose -10*a = 103 - 33. What is the remainder when y(a) is divided by 21?
20
Let v(x) = x**3 - 4*x**2 - 2*x - 3. Let z be v(4). Let w = -10 - z. What is the remainder when 2 is divided by w?
0
Let k(m) = -m**3 + 12*m**2 - 4*m + 66. Suppose -4*t = -2*t + 5*r - 81, -2*r + 96 = 2*t. What is the remainder when t is divided by k(12)?
17
Let n be ((-158)/6)/(15/(-45)). Suppose 41 + n = 15*o. What is the remainder when o is divided by 3?
2
Let i = 10 - 3. Let c(l) = 4*l + 4. Calculate the remainder when c(i) is divided by 7.
4
Suppose -41*b + 43*b + 5*c + 11 = 0, 0 = 2*b + 4*c + 6. Suppose 0*i + 81 = 3*i. Calculate the remainder when i is divided by b.
6
What is the remainder when (48/264)/(1/583) is divided by 48?
10
Calculate the remainder when (2 + 10)*94/4 is divided by 19.
16
Let f(h) = -h**2 - 51*h + 308. What is the remainder when f(-53) is divided by 4?
2
Suppose 3*p = -5*i - 97 + 765, -4*p + 902 = i. Calculate the remainder when p is divided by 76.
74
Let f(t) = 4*t**2 + 3*t + 7*t**2 + 4 + 0*t**2 - 2*t**3 + t**3. What is the remainder when f(11) is divided by 1/3 + (-76)/(-6)?
11
Let a(u) = -6*u**3 + 2*u + 4. Let p be a(-2). Suppose -2*o = 16 - p. Calculate the remainder when 29 is divided by o.
13
Let f(n) be the third derivative of -7*n**4/24 - 23*n**3/6 + 22*n**2. Let r(s) = 4*s + 8. What is the remainder when r(7) is divided by f(-6)?
17
Let v = 43 + 26. Suppose -87*r + 86*r + 24 = 0. What is the remainder when v is divided by r?
21
Let a(y) = y - 3. Suppose -33*t + 17 = -412. Calculate the remainder when t is divided by a(9).
1
Let k(g) = 4*g**2 + 9*g - 10. Suppose -4*p - 28 = -5*h, -2*p - 4*h + 0*h - 14 = 0. What is the remainder when k(p) is divided by 31?
30
Suppose 15 + 16 = b. Let w(x) = -x**3 - 23*x**2 + 19*x - 103. What is the remainder when b is divided by w(-24)?
14
Let j = -491 - -625. What is the remainder when j is divided by 45?
44
Suppose 20 + 22 = 3*x. Calculate the remainder when 124 is divided by x.
12
Let m = 75 + -28. Let c = -210 - -220. Calculate the remainder when m is divided by c.
7
Suppose 0 = -10*i + 236 + 84. Let x = -42 - -64. What is the remainder when i is divided by x?
10
Let z be (1/(-1))/((-3)/12). Suppose v - z = -2. Suppose 2*i - 5*b + 56 = 4*i, -v*i - 3*b + 48 = 0. What is the remainder when 51 is divided by i?
15
Suppose -5*o = -15, -671 = -4*k - 6*o + 5*o. What is the remainder when k is divided by 14?
13
Let k = -1756 - -1816. What is the remainder when k is divided by 15?
0
Let f be -106*(2 - (-15)/(-6)). Let t = f - 34. Calculate the remainder when t is divided by 5.
4
Let m = 91 - 45. Suppose 4 = -s + m. What is the remainder when 208 is divided by s?
40
Suppose -5*i - 176 = -9*i + 2*c, -5*c = 0. What is the remainder when 80 is divided by i?
36
Calculate the remainder when 46 is divided by -4*7/56*-32.
14
Suppose -9*g + 495 + 441 = 0. Calculate the remainder when g is divided by 18.
14
Suppose -2*m = -5*l - 16 - 16, 2*l = -4. Calculate the remainder when 73 is divided by m.
7
Let q(b) = -9*b - 20. Let c be q(-13). Let t = -86 + c. Let j(z) = 4*z**2 + 2*z + 2. What is the remainder when j(-3) is divided by t?
10
Calculate the remainder when 270 is divided by 14 + (-2 - -7 - 3).
14
Suppose 0 = 2*d - 2 - 6. Suppose 60 = -d*t + 6*t + 2*o, 3*o = t - 38. Suppose 0 = -5*j - 0*j + 35. What is the remainder when t is divided by j?
4
What is the remainder when ((-10)/8 - (-45)/(-180))*-74 is divided by 28?
27
Suppose 5*t = 0, -3*w = 4*t - 37 - 17. Suppose u - 4*u - 39 = 2*d, 3 = d. Let b = u - -67. What is the remainder when b is divided by w?
16
Suppose -3*u = -u - 4, 2*i = 2*u + 8. Suppose 5*m - w = 18, -8*m + 3*m + i = 3*w. Suppose 9 = -m*a + 42. What is the remainder when a is divided by 7?
4
Let x = -84 - -106. Let g = 24 + x. Calculate the remainder when g is divided by 17.
12
Suppose -9*i = -1323 - 1035. Calculate the remainder when i is divided by 54.
46
Let l = -31 + 1. What is the remainder when (-5 + 7 + -5)/(2/l) is divided by 16 + 0 + 3 + -3?
13
Suppose 0 = -2*w - 4*u - 18, -3*w - 47 = 4*u - 2*u. Let d = w + 22. Calculate the remainder when 71 is divided by 22 + d/(6/(-8)).
17
Suppose -12*h + 15*h - 12*h = -297. Let g(n) = -n**2 - 10*n + 7. Calculate the remainder when h is divided by g(-8).
10
Calculate the remainder when 88 is divided by ((-110)/(-33))/((-10)/(-168)).
32
Calculate the remainder when 898 is divided by 246/14 - 135/(-315).
16
Suppose 2*g - 7*g - 3*y = -28, -5*y = 5*g - 20. Let q = g + -4. Suppose 0 = 5*o - 72 + 22. What is the remainder when o is divided by q?
2
Suppose -3*o - 4*d - 5 = -40, 0 = o + d - 11. Let s be 286/(-8) + (-3)/12. Let j = s + 62. What is the remainder when j is divided by o?
8
Suppose 83 = 3*n - 76. Let i = n - 42. Calculate the remainder when 18 is divided by i.
7
What is the remainder when 264 is divided by ((-75)/10 - -8)*10?
4
Suppose -4*p = -5*w - 46, -p + 4*w + 62 = 4*p. Suppose -2*l + 4*l - 5*o - 14 = 0, -5*l + 4*o = -1. Let j = p + l. What is the remainder when j is divided by 3?
2
Suppose 3*u - 2*l - 2 - 6 = 0, 5*u + 2*l = 8. Suppose u*c = 2 + 12. Let f = -9 + 28. What is the remainder when f is divided by c?
5
Suppose 95*l - 96*l + 13 = 0. Let n(t) = 3*t**2. What is the remainder when n(4) is divided by l?
9
Let d(p) = p**3 + p**2 - p + 20. Suppose -3*b - 23 = -x + 72, b = 2*x - 195. Calculate the remainder when x is divided by d(0).
18
Let l(z) = -z**3 + 8*z**2 + 3*z - 5. What is the remainder when l(6) is divided by 23?
16
Let f(i) = i + 1. Let m be f(1). Suppose 0*y = -y + 26. Suppose h = -u + 5 + 6, m*h - y = 2*u. What is the remainder when 34 is divided by h?
10
Suppose 5*k = 4*s - 19 - 1, k = -s + 5. Suppose -2*m - 36 + 104 = k. Calculate the remainder when m is divided by -12*(0 + 1/(-2)).
4
Suppose 0 = 5*i + 3*h - 6, 3*h = -4*i + h + 4. Suppose 2*j + c + c - 234 = i, 113 = j - c. What is the remainder when j is divided by 39?
37
Suppose -5*u + 418 = -192. Suppose -5*q + 3*v = 2*v - u, 0 = 5*q + v - 128. What is the remainder when 249 is divided by q?
24
Suppose 0 = 31*j - 440 - 87. Suppose -208 = -4*f - 4*b, -5*f - b + 169 = -75. What is the remainder when f is divided by j?
14
Let g(w) = -w**3 - 3*w**2 + 4*w - 4. Let k be g(-4). Let x(t) = -t**3 - 4*t**2 + 4. What is the remainder when 5 is divided by x(k)?
1
Suppose 2*w - 78 = -5*x, -w = -2 + 3. Suppose x = g - 8. Calculate the remainder when g is divided by 9.
6
Suppose -5*h - s = -771, -6*h - 4*s = -8*h + 304. Calculate the remainder when h is divided by 31.
30
Let s(u) = -16*u - 75. Calculate the remainder when 288 is divided by s(-6).
15
Suppose 3*v - 21 = -6. Suppose -v = -2*z + 13. What is the remainder when 11 is divided by (z/3)/(1 + 0)?
2
Let x(i) = -5*i + 106. Calculate the remainder when 40 is divided by x(17).
19
Suppose p + m = 52, m - 260 = -2*p - 3*p. What is the remainder when 310 is divided by p?
50
Suppose -5*i + 61 = 3*g, -g - 3*i + 5*i = -2. Calculate the remainder when 45 is divided by g.
9
Suppose 0 = 6*b - 12. Suppose -176 = -b*z + 4*q, -3*z = -0*q - q - 289. Suppose 2*n + 100 = 6*n. What is the remainder when z is divided by n?
23
Let n = 65 - 59. Suppose -n*u = 3*u - 315. Calculate the remainder when u is divided by 19.
16
What is the remainder when ((-16)/28)/(62760/(-10458) + 6) is divided by 166?
0
Suppose 15*o = -35 + 230. Suppose -2*a = -33 - 39. Calculate the remainder when a is divided by o.
10
Let t(y) = -2*y. Let j = -1 - -5. Suppose -4*z + 6 = -5*p - 2*z, -4*z = -j*p. Calculate the remainder when t(p) is divided by 2.
0
Let o = 482 - 289. What is the remainder when 199 is divided by o?
6
Calculate the remainder when 109 is divided by (-4)/((-32)/(-116))*(-5 - -3).
22
Let f(u) be the third derivative of -u**5/60 + 5*u**4/6 - 17*u**3/3 - 26*u**2. What is the remainder when f(17) is divided by 5?
2
Calculate the remainder when (((-13552)/(-24))/(-11))/((-4)/6) is divided by 142/7 - 2/7.
17
Suppose -42 = -21*l + 14*l. Calculate the remainder when 92 is divided by l.
2
What is the remainder when 41 is divided by (2 - 13)*4*(-7)/14?
19
Suppose -12*z = -2*z + 440. Let f = z + 50. What is the remainder when 28 is divided by f?
4
Suppose -3*u + 70 = 2*u. W